{"id":339,"date":"2025-01-28T09:05:44","date_gmt":"2025-01-28T09:05:44","guid":{"rendered":"https:\/\/labo-dental.com\/?page_id=339"},"modified":"2025-09-04T16:58:43","modified_gmt":"2025-09-04T16:58:43","slug":"mentions-legales","status":"publish","type":"page","link":"https:\/\/labo-dental.com\/?page_id=339","title":{"rendered":"Mentions l\u00e9gales"},"content":{"rendered":"\t\t<div data-elementor-type=\"wp-page\" data-elementor-id=\"339\" class=\"elementor elementor-339\" data-elementor-post-type=\"page\">\n\t\t\t\t<div class=\"elementor-element elementor-element-0445a21 e-flex e-con-boxed e-con e-parent\" data-id=\"0445a21\" data-element_type=\"container\" data-e-type=\"container\">\n\t\t\t\t\t<div class=\"e-con-inner\">\n\t\t\t\t<div class=\"elementor-element elementor-element-ffb3413 elementor-widget elementor-widget-heading\" data-id=\"ffb3413\" data-element_type=\"widget\" data-e-type=\"widget\" data-widget_type=\"heading.default\">\n\t\t\t\t<div class=\"elementor-widget-container\">\n\t\t\t\t\t<h2 class=\"elementor-heading-title elementor-size-default\">MENTION LEGALES<\/h2>\t\t\t\t<\/div>\n\t\t\t\t<\/div>\n\t\t\t\t<div class=\"elementor-element elementor-element-306148b elementor-widget elementor-widget-text-editor\" data-id=\"306148b\" data-element_type=\"widget\" data-e-type=\"widget\" data-widget_type=\"text-editor.default\">\n\t\t\t\t<div class=\"elementor-widget-container\">\n\t\t\t\t\t\t\t\t\t<div><span style=\"color: var( --e-global-color-47fb991 ); font-family: var( --e-global-typography-accent-font-family ), Sans-serif; font-weight: var( --e-global-typography-accent-font-weight ); text-align: var(--text-align); font-size: 1rem;\">&nbsp;<\/span><\/div>\n<div style=\"direction: ltr; text-align: left;\"><u>\u00c9diteur du site :<\/u><\/div>\n<div style=\"direction: ltr; text-align: left;\">Nom de la soci\u00e9t\u00e9 : Labo Dental<\/div>\n<div style=\"direction: ltr; text-align: left;\">Forme juridique : SASU<\/div>\n<div style=\"direction: ltr; text-align: left;\">Si\u00e8ge social : 71 av des Ternes, 75017 Paris, France<\/div>\n<div style=\"direction: ltr; text-align: left;\">Num\u00e9ro SIRET :&nbsp;98536215100039<\/div>\n<div style=\"direction: ltr; text-align: left;\">Num\u00e9ro de TVA intracommunautaire :&nbsp;FR19985362151<\/div>\n<div style=\"direction: ltr; text-align: left;\">Adresse e-mail : contact@labodental.fr<\/div>\n<div style=\"direction: ltr; text-align: left;\">Num\u00e9ro de t\u00e9l\u00e9phone : 09 70 70 52 34<\/div>\n<div style=\"direction: ltr; text-align: left;\">Num\u00e9ro WhatsApp : 07 69 07 56 84<\/div>\n<div>&nbsp;<\/div>\n<div style=\"direction: ltr; text-align: left;\"><u>Directeur de la publication :<\/u><\/div>\n<div style=\"direction: ltr; text-align: left;\">Nom : SELLAM AURELIE<\/div>\n<div style=\"direction: ltr; text-align: left;\">Adresse e-mail : contact@labodental.fr<\/div>\n<div>&nbsp;<\/div>\n<div style=\"direction: ltr; text-align: left;\"><u>H\u00e9bergement du site :<\/u><\/div>\n<div style=\"direction: ltr; text-align: left;\">Nom de l\u2019h\u00e9bergeur : OVH<\/div>\n<div style=\"direction: ltr; text-align: left;\">Forme juridique : SAS<\/div>\n<div style=\"direction: ltr; text-align: left;\">Si\u00e8ge social : 2 rue Kellermann, 59100 Roubaix, France<\/div>\n<div style=\"direction: ltr; text-align: left;\">Num\u00e9ro de t\u00e9l\u00e9phone : 1007<\/div>\n<div style=\"direction: ltr; text-align: left;\">Site web du site : www.ovh.com<\/div>\n<div>&nbsp;<\/div>\n<div style=\"direction: ltr; text-align: left;\"><u>Propri\u00e9t\u00e9 intellectuelle :<\/u><\/div>\n<div style=\"direction: ltr; text-align: left;\">Tous les \u00e9l\u00e9ments pr\u00e9sents sur le site Labo Dental (textes, images, graphismes, logos, vid\u00e9os, etc.) sont prot\u00e9g\u00e9s par le Code de la propri\u00e9t\u00e9 intellectuelle. Toute reproduction, modification, distribution ou exploitation, m\u00eame partielle, sans autorisation \u00e9crite pr\u00e9alable de Labo Dental est strictement interdite et constitue une contrefa\u00e7on sanctionn\u00e9e par les articles L.335-2 et suivants du Code de la propri\u00e9t\u00e9 intellectuelle.<\/div>\n<div>&nbsp;<\/div>\n<div style=\"direction: ltr; text-align: left;\"><u>Donn\u00e9es personnelles et confidentialit\u00e9 :<\/u><\/div>\n<div style=\"direction: ltr; text-align: left;\">Conform\u00e9ment au R\u00e8glement G\u00e9n\u00e9ral sur la Protection des Donn\u00e9es (RGPD) et \u00e0 la loi \u00ab&nbsp;Informatique et Libert\u00e9s&nbsp;\u00bb, vous disposez des droits suivants :<\/div>\n<div style=\"direction: ltr; text-align: left;\">\u2022Droit d\u2019acc\u00e8s, de rectification, de suppression et d\u2019opposition au traitement de vos donn\u00e9es personnelles ;<\/div>\n<div style=\"direction: ltr; text-align: left;\">\u2022Droit \u00e0 la portabilit\u00e9 de vos donn\u00e9es ;<\/div>\n<div style=\"direction: ltr; text-align: left;\">\u2022Droit de d\u00e9finir des directives relatives au sort de vos donn\u00e9es apr\u00e8s votre d\u00e9c\u00e8s.<\/div>\n<div>&nbsp;<\/div>\n<div style=\"direction: ltr; text-align: left;\"><u>Pour exercer vos droits, contactez-nous :<\/u><\/div>\n<div style=\"direction: ltr; text-align: left;\">\u2022Par e-mail : contact@labodental.fr<\/div>\n<div style=\"direction: ltr; text-align: left;\">\u2022Par courrier : 71 AV DES TERNES, 75017 Paris, France<\/div>\n<div>&nbsp;<\/div>\n<div style=\"direction: ltr; text-align: left;\">Nous nous engageons \u00e0 ne jamais vendre, louer ou c\u00e9der vos donn\u00e9es personnelles \u00e0 des tiers sans votre consentement.<\/div>\n<div>&nbsp;<\/div>\n<div style=\"direction: ltr; text-align: left;\"><u>Cookies:<\/u><\/div>\n<div style=\"direction: ltr; text-align: left;\">Le site Labo Dental utilise des cookies pour :<\/div>\n<div style=\"direction: ltr; text-align: left;\">\u2022Am\u00e9liorer l\u2019exp\u00e9rience utilisateur ;<\/div>\n<div style=\"direction: ltr; text-align: left;\">\u2022Fournir des services personnalis\u00e9s ;<\/div>\n<div style=\"direction: ltr; text-align: left;\">\u2022R\u00e9aliser des statistiques d\u2019audience.<\/div>\n<div>&nbsp;<\/div>\n<div style=\"direction: ltr; text-align: left;\">Vous pouvez param\u00e9trer ou d\u00e9sactiver les cookies via les param\u00e8tres de votre navigateur. Pour en savoir plus, consultez notre Politique de gestion des cookies.<\/div>\n<div>&nbsp;<\/div>\n<div style=\"direction: ltr; text-align: left;\"><u>Responsabilit\u00e9 :<\/u><\/div>\n<div style=\"direction: ltr; text-align: left;\">Les informations diffus\u00e9es sur le site sont fournies \u00e0 titre indicatif. Bien que nous nous efforcions de garantir leur exactitude, Labo Dental d\u00e9cline toute responsabilit\u00e9 en cas d\u2019erreurs, d\u2019omissions ou de dommages r\u00e9sultant de l\u2019utilisation de ces informations.<\/div>\n<div>&nbsp;<\/div>\n<div>Le site peut contenir des liens hypertextes redirigeant vers des sites tiers. Labo Dental ne peut \u00eatre tenu responsable du contenu ou des pratiques de ces sites.<\/div>\n<div>&nbsp;<\/div>\n<div><u>Conditions d\u2019utilisation du site :<\/u><\/div>\n<div>L\u2019utilisation du site Labo Dental implique l\u2019acceptation pleine et enti\u00e8re des conditions g\u00e9n\u00e9rales d\u2019utilisation (CGU). Nous vous invitons \u00e0 les consulter dans la rubrique d\u00e9di\u00e9e.<\/div>\n<div>&nbsp;<\/div>\n<div><u>Litiges et droit applicable :<\/u><\/div>\n<div>Le pr\u00e9sent site est r\u00e9gi par le droit fran\u00e7ais. En cas de diff\u00e9rend, les tribunaux comp\u00e9tents seront ceux du ressort du si\u00e8ge social de Labo Dental.<\/div>\n<div>&nbsp;<\/div>\n<div><u>Clause limitative de responsabilit\u00e9 :<\/u><\/div>\n<div>Labo Dental ne saurait \u00eatre tenu responsable des dommages directs ou indirects caus\u00e9s au mat\u00e9riel de l\u2019utilisateur lors de l\u2019acc\u00e8s au site, r\u00e9sultant notamment de l\u2019apparition d\u2019un bug ou d\u2019une incompatibilit\u00e9.<\/div>\n<div>&nbsp;<\/div>\n<div><u>Modification des mentions l\u00e9gales :<\/u><\/div>\n<div>Labo Dental se r\u00e9serve le droit de modifier \u00e0 tout moment les pr\u00e9sentes mentions l\u00e9gales afin de garantir leur conformit\u00e9 aux \u00e9volutions l\u00e9gislatives et r\u00e9glementaires.<\/div>\n<div>&nbsp;<\/div>\n<div><u>Points ajout\u00e9s pour une meilleure protection :<\/u><\/div>\n<div>1.Clause limitative de responsabilit\u00e9 pour prot\u00e9ger Labo Dental en cas de probl\u00e8me technique ou erreur involontaire.<\/div>\n<div>2.R\u00e9f\u00e9rences l\u00e9gales pr\u00e9cises pour les droits de propri\u00e9t\u00e9 intellectuelle et les donn\u00e9es personnelles.<\/div>\n<div>3.Cookies et confidentialit\u00e9 d\u00e9taill\u00e9s pour anticiper toute question ou litige potentiel li\u00e9 \u00e0 la collecte de donn\u00e9es.<\/div>\n<div>4.Droit de modification des mentions l\u00e9gales pour rester flexible.<\/div>\t\t\t\t\t\t\t\t<\/div>\n\t\t\t\t<\/div>\n\t\t\t\t\t<\/div>\n\t\t\t\t<\/div>\n\t\t\t\t<\/div>\n\t\t","protected":false},"excerpt":{"rendered":"<p>MENTION LEGALES &nbsp; \u00c9diteur du site : Nom de la soci\u00e9t\u00e9 : Labo Dental Forme juridique : SASU Si\u00e8ge social : 71 av des Ternes, 75017 Paris, France Num\u00e9ro SIRET :&nbsp;98536215100039 Num\u00e9ro de TVA intracommunautaire :&nbsp;FR19985362151 Adresse e-mail : contact@labodental.fr Num\u00e9ro de t\u00e9l\u00e9phone : 09 70 70 52 34 Num\u00e9ro WhatsApp : 07 69 07 [&hellip;]<\/p>\n","protected":false},"author":1,"featured_media":0,"parent":0,"menu_order":0,"comment_status":"closed","ping_status":"closed","template":"","meta":{"footnotes":""},"class_list":["post-339","page","type-page","status-publish","hentry"],"amp_enabled":true,"_links":{"self":[{"href":"https:\/\/labo-dental.com\/index.php?rest_route=\/wp\/v2\/pages\/339","targetHints":{"allow":["GET"]}}],"collection":[{"href":"https:\/\/labo-dental.com\/index.php?rest_route=\/wp\/v2\/pages"}],"about":[{"href":"https:\/\/labo-dental.com\/index.php?rest_route=\/wp\/v2\/types\/page"}],"author":[{"embeddable":true,"href":"https:\/\/labo-dental.com\/index.php?rest_route=\/wp\/v2\/users\/1"}],"replies":[{"embeddable":true,"href":"https:\/\/labo-dental.com\/index.php?rest_route=%2Fwp%2Fv2%2Fcomments&post=339"}],"version-history":[{"count":25,"href":"https:\/\/labo-dental.com\/index.php?rest_route=\/wp\/v2\/pages\/339\/revisions"}],"predecessor-version":[{"id":1974,"href":"https:\/\/labo-dental.com\/index.php?rest_route=\/wp\/v2\/pages\/339\/revisions\/1974"}],"wp:attachment":[{"href":"https:\/\/labo-dental.com\/index.php?rest_route=%2Fwp%2Fv2%2Fmedia&parent=339"}],"curies":[{"name":"wp","href":"https:\/\/api.w.org\/{rel}","templated":true}]}}